y) = 4*y**2 - y + 2. Let h be o(2). Suppose -4*g - 2*z = -h, 2*g - 3*g + 4*z + 4 = 0. Suppose 0 = g*q - 37 + 9. What is the units digit of q?
7
Suppose v + 123 = x, x - 477 = -3*x + v. What is the tens digit of x/5 - (-14)/35?
2
Let k(i) = -i - 1. Let r(g) = -g**2 - g - 1. Let d(s) = -6*k(s) - 2*r(s). What is the tens digit of d(-5)?
1
What is the tens digit of 10/((4/(128/(-12)))/(-3))?
8
Let h(q) = 8*q - 7. Let y be h(-5). Let m = -30 - y. What is the tens digit of m?
1
Let y(k) = k + 1. Suppose 3*r = -5*l - 1, 0 = -l - 3*r - 0*r + 7. Let p(m) = 22*m + 20. Let w(q) = l*p(q) + 36*y(q). What is the units digit of w(-3)?
0
Let k = 46 + -29. What is the units digit of k?
7
Let y(p) = p**2 - p. Let q be (-3)/(-12) + 1/(-4). Let z be ((-7)/7)/(q - -1). What is the units digit of y(z)?
2
Let p(w) = -w**2 - w. Let t be p(0). Let r be -2*-2*9/12. Suppose t = r*m - 15. What is the units digit of m?
5
Let m(r) = r**2 - r + 1. Let g(s) = 6*s**2 + 11. Let b(l) = g(l) - 5*m(l). What is the units digit of b(-4)?
2
Suppose -2*l - 5*o = -16, l + 4*o = 2 + 9. Suppose -5*c = l*h - 146, -3*c + 81 = 3*h + h. What is the tens digit of c?
3
Suppose -10 = -h - h. Suppose 0 = -h*d + 4 + 16. What is the units digit of d?
4
Let u = 3 - 0. Suppose -5*n + 14 = -g - 1, -4*g = n - u. Suppose -n*p = -2*p - 4. What is the units digit of p?
4
Let q(w) = w**3 - 9*w**2 - 7*w - 7. Let r be q(7). Let j = r - -240. Suppose 4*f + 22 = j. What is the units digit of f?
6
Let i(g) = g**3 + 14*g**2 - 18*g + 33. What is the units digit of i(-15)?
8
Suppose -2*b + 4*b - 6 = 0. What is the tens digit of 13 - -5 - (b - 0)?
1
What is the tens digit of (-18)/12*(-86)/1?
2
Let a = 588 + -385. What is the units digit of a?
3
Suppose 0 = -2*o - 3*u + 110, -4*o + 325 - 113 = 4*u. What is the tens digit of o?
4
Suppose 62 = 5*u + b, 2*b = -u + 12 + 4. Let z(n) = -n**2 + 5*n + 1. Let t be z(4). Suppose -25 = t*h, 5*h + 53 + u = 5*l. What is the units digit of l?
8
Suppose 5*q = 4*q + 1. Suppose 17 = 3*k - 2*v, -4*k = -2*v - q - 19. Suppose 0 = -2*m + 4*m - k*y - 2, 3*m = -2*y + 3. What is the units digit of m?
1
Suppose -13 = -5*n + 12. Suppose -5*i - 3*l = 2*l + 20, -n*l + 28 = -3*i. Let a(g) = -g - 1. What is the units digit of a(i)?
5
Let t = 6 + 0. Suppose -5*f + 9 = -t. What is the units digit of f?
3
Let w = -65 - -104. What is the units digit of w?
9
Let a = -9 + 12. Let q = a + -1. What is the units digit of q?
2
Let r(a) = -a**3 + 5*a**2 - 3*a - 1. Let u be r(3). Let v(j) be the first derivative of -j**4/4 + 7*j**3/3 + 4*j**2 + 10*j + 2. What is the tens digit of v(u)?
1
Suppose -2*z + 9 = 2*z - 3*k, -39 = -4*z - 3*k. Let p be (122/z)/((-4)/(-12)). Suppose 3*q - p = -2*i, 2*q + 4*i - 37 - 1 = 0. What is the tens digit of q?
2
Let y(j) = -2 + 8 + 0 + 14*j. What is the units digit of y(3)?
8
Let z(y) = 2*y + 45. What is the units digit of z(-21)?
3
Suppose -5*h + h = 0. Let l(n) be the second derivative of n**5/20 - n**4/12 + 9*n**2/2 - n. What is the units digit of l(h)?
9
Let w = -3 + 4. Suppose 5*u = r + 2, -r + w - 3 = 3*u. What is the units digit of (0 - (-3 - r))*9?
9
Let f(a) = 2*a**2 + 5*a - 7. Let g be (-6)/4*-2 - 0. What is the tens digit of f(g)?
2
Let j = 14 - 9. Suppose -3*c - 2*w + 41 = 2*w, -3*w + 61 = j*c. Suppose 4*f + c = -4*b + 59, 4*f + 3*b = 47. What is the units digit of f?
1
Let o be (-4 + 4)/(-2 - -1). Suppose -10 = -3*q + q. Suppose -4*z - z - 3*m + 1 = o, -3*z = q*m + 9. What is the units digit of z?
2
Let n = 7 - 6. What is the units digit of n/((-2)/(-3))*6?
9
Suppose -1 = -3*q + 20. Let i(u) = 4 - u + 3*u**2 - q + 4 - 2. What is the tens digit of i(-2)?
1
Let w be (3 - 1)*6/4. Suppose -2*k + 5*z + 2 = 0, -z + 14 = 3*k - w*z. What is the units digit of k?
6
Let o be (0 + -1 - -4) + 7. Suppose 3*q - 44 = o. What is the tens digit of q?
1
Suppose 4*s + 119 = 7*u - 2*u, 3*s - 120 = -4*u. What is the tens digit of u?
2
Let z(x) = 2*x**2 - 4*x - 1. Let f be z(3). Suppose 2*g - 27 = -f*m - 0, 4*g - 2*m = 66. Suppose -q - r + g = -4, 5*r = 4*q - 35. What is the tens digit of q?
1
Suppose -3*p = -2*p. Let q = p - -6. What is the units digit of 7/3 - 2/q?
2
Suppose 0 = 3*d - 4*d - 1. Let w = -10 + 6. Let x = d - w. What is the units digit of x?
3
Let v = -4 - -10. Let r be 2/3 + (-2)/3. What is the units digit of (1 - r)/(v/18)?
3
Suppose 2*n = -o + 71, 0*n + 72 = o + n. What is the tens digit of o?
7
Let u(c) = 21*c**3 - c**2 + 3*c - 2. Let x(d) = -64*d**3 + 4*d**2 - 10*d + 7. Let h(f) = -7*u(f) - 2*x(f). What is the units digit of h(-1)?
9
Suppose -39 - 821 = -4*l. What is the tens digit of l?
1
Let u = -11 + 18. Let k(b) = b**3 + 0 - 2*b + 8*b - u*b**2 + 2. What is the units digit of k(6)?
2
Let p = 10 + -7. What is the units digit of p?
3
Let h(f) = -f**3 + 7*f**2 - 6*f + 4. Let z = -6 + 12. Let u be h(z). Suppose u*a = b + 28, -5*a + 9*b - 4*b + 20 = 0. What is the units digit of a?
8
Suppose 808 = 2*g - 2*d, 3*g - 1198 = -7*d + 3*d. What is the hundreds digit of g?
4
Suppose 260 = -5*n - g - 60, g - 247 = 4*n. Let m = n + 106. What is the units digit of m?
3
Suppose -3*h - 2*h = -15. Suppose h*a = g - 562, -g - 3*g + 946 = -5*a. What is the tens digit of (-2)/7 - a/14?
1
Let v(f) = f**2 + 5*f - 2. Let y(x) = -x - 2. Let u be y(-5). What is the tens digit of v(u)?
2
Suppose -5*x + 4*s + 64 = 0, -2*x - 8*s + 52 = -3*s. Let c be -3 + x + (-6)/(-3). Suppose -5 = -2*j + c. What is the tens digit of j?
1
Let y(n) be the third derivative of -2*n**6/15 - n**5/60 + n**4/24 + n**3/6 + 4*n**2. What is the tens digit of y(-1)?
1
Suppose n - 303 = -190. What is the tens digit of n?
1
Let c(u) = -3*u. Suppose 3*d = -2*d - 20. What is the tens digit of c(d)?
1
Let t = 86 + -128. Let i = t - -80. What is the tens digit of i?
3
Suppose 0 = -4*a - 2 + 254. What is the tens digit of a?
6
Suppose -4*a = -5*m - 22, 3 = 2*m + 3*a - 2. Let d be (m - 3)*(-18)/(-15). Let j(l) = -l + 1. What is the units digit of j(d)?
7
Suppose -3*g + 7 + 5 = -4*v, -3*v + 3*g = 9. Let a(u) = -u**2 - 3*u - 1. Let y be a(v). What is the units digit of -2*(y - (-5)/(-2))?
7
What is the tens digit of (-4 + 3)*-1 - -86?
8
Suppose 0*v + 2*v = 196. What is the tens digit of v?
9
Let f(s) = -s + 2. Let r be f(4). Let b be (1/r + 0)*2. Let u = b + 6. What is the units digit of u?
5
Suppose -5*m - 5*y - 25 = 0, 4*m + 25 = -3*y - 2*y. Suppose -a - 2*p + 21 = -0*a, -2*a + 5*p + 15 = m. What is the units digit of a?
5
Let y(i) = 3*i - 5. Let z(o) = o**3 - 6*o**2 + 6*o + 6. Let c be z(5). Let k = 15 - c. What is the units digit of y(k)?
7
Let u = 9 - -3. What is the units digit of u?
2
Let k = 71 - 48. Suppose -2*u - 3*f + 17 = 0, k = 5*u - 0*f + f. Suppose -5*v - 5*m + 2*m = u, -3*v + 2*m = -9. What is the units digit of v?
1
Let h(g) = -g**3 - 8*g**2 - 6*g - 1. Let y be h(-7). What is the tens digit of 3/(-2) + (-212)/y?
2
Let v(s) = s**3 - 5*s**2 - 5*s - 2. Let r be v(6). Suppose 3*o = 73 - r. What is the units digit of o?
3
Let i = -13 - -28. What is the tens digit of i?
1
Let p(l) = l**3 - 7*l**2 + 6. Let d = 5 + -11. Let s = 1 - d. What is the units digit of p(s)?
6
Let r = 83 - 49. What is the tens digit of r?
3
Let d(f) = 6*f + 12. What is the tens digit of d(9)?
6
Let g = -10 + 15. Let i = g + 4. What is the units digit of i?
9
Suppose 2 = -c + 6, -z - 3*c + 22 = 0. Suppose -3*g + 4*f - 10 + 1 = 0, 5*f = -g - 3. Let l = g + z. What is the units digit of l?
7
Suppose 4*u = 2*u. Suppose p + u*p = 9. Suppose 3*z = p + 18. What is the units digit of z?
9
What is the units digit of 46 - 9/(-9 - -6)?
9
What is the hundreds digit of ((3 + -968)/(-5))/(1/2)?
3
Let k = 14 + -10. Suppose -b = -2*r - 5*b + 14, -5*r + k*b = -7. Suppose -3*w - 4*t + 23 = 0, t - 16 = 4*w - r*t. What is the units digit of w?
1
Let d(t) = 2*t**2 - 4*t - 11 + t - 2*t + 0*t. What is the tens digit of d(5)?
1
Let k(f) = -f - 1. Let q be k(-4). Suppose 5*j - b = -4 + 102, 5*j + q*b = 106. What is the units digit of j?
0
Let k(v) be the second derivative of v**4/2 + v**3/3 - v**2 + 2*v. What is the tens digit of k(2)?
2
Suppose m + 2*m = 27. What is the units digit of (-1)/m*3*-9?
3
Suppose 2*c + c - 18 = 0. Let m(i) = -2*i**2 - 37*i - 11. Let q be m(-29). What is the units digit of (-4)/c - q/30?
0
Let o(v) = -v**2 + 14*v - 13. What is the te